{"id":132,"date":"2017-10-20T16:45:06","date_gmt":"2017-10-20T14:45:06","guid":{"rendered":"http:\/\/iodice-psychologueparis.fr\/?page_id=132"},"modified":"2021-11-15T16:08:52","modified_gmt":"2021-11-15T15:08:52","slug":"a-propos-de-moi-2","status":"publish","type":"page","link":"https:\/\/iodice-psychologueparis.fr\/?page_id=132","title":{"rendered":"A propos de moi"},"content":{"rendered":"<h2><a href=\"https:\/\/monpsy.psychologies.com\/profile\">Mon parcours\u00a0<\/a><\/h2>\n<p>P<img loading=\"lazy\" decoding=\"async\" class=\"alignleft size-medium wp-image-599\" src=\"https:\/\/iodice-psychologueparis.fr\/wp-content\/uploads\/2020\/06\/Salvatore-Iodice-205x300.png\" alt=\"\" width=\"205\" height=\"300\" srcset=\"https:\/\/iodice-psychologueparis.fr\/wp-content\/uploads\/2020\/06\/Salvatore-Iodice-205x300.png 205w, https:\/\/iodice-psychologueparis.fr\/wp-content\/uploads\/2020\/06\/Salvatore-Iodice-699x1024.png 699w, https:\/\/iodice-psychologueparis.fr\/wp-content\/uploads\/2020\/06\/Salvatore-Iodice-768x1125.png 768w, https:\/\/iodice-psychologueparis.fr\/wp-content\/uploads\/2020\/06\/Salvatore-Iodice.png 1034w\" sizes=\"auto, (max-width: 205px) 100vw, 205px\" \/>sychologue clinicien dipl\u00f4m\u00e9 de l&rsquo;universit\u00e9 de Paris VII &#8211; Denis Diderot &#8211; cursus \u00ab\u00a0Psychopathologies du lien social\u00a0\u00bb, j&rsquo;ai suivi une formation clinique en CMP et en centres d&rsquo;accueil et de consultation.<br \/>\nJ&rsquo;ai un double cursus, en philosophie politique et en psychopathologie.\u00a0 Au cours de ma formation doctorale, je me suis notamment occup\u00e9 des liens entre crise \u00e9conomique, psychologie sociale, politique institutionnelle et th\u00e9orie de la monnaie. En tant que psychologue clinicien, je me suis int\u00e9ress\u00e9 aux questions sociales et identitaires.<br \/>\nMa pratique de psychologue et les accompagnements que je propose sont orient\u00e9s par la psychanalyse, les sciences cognitives, la philosophie, la sociologie, les \u00e9tudes de genre,\u00a0<a href=\"https:\/\/www.haptonomie.org\/fr\/\">l&rsquo;haptonomie<\/a>\u00a0et la <a href=\"https:\/\/www.psychologies.com\/Therapies\/Toutes-les-therapies\/Psychotherapies\/Articles-et-Dossiers\/La-Gestalt-therapie\">Gestalt th\u00e9rapie.<\/a><br \/>\nDans mon travail sur la souffrance psychologique je prends en consid\u00e9ration tout autant ses composantes individuelles que sociales et culturelles.<\/p>\n<div><\/div>\n<div><\/div>\n<div class=\"box\"><b>Dipl\u00f4mes:<\/b><\/div>\n<div><\/div>\n<ul>\n<li>Titre de psychologue clinicien enregistr\u00e9 \u00e0 l&rsquo; ARS avec le N\u00b0 ADELI 75 93 5947 4<\/li>\n<li>Doctorat de philosophie<\/li>\n<\/ul>\n<p><b style=\"font-family: inherit; font-style: inherit;\">Pratique la supervision :<\/b><\/p>\n<ul>\n<li>Analyse de la pratique sociale (ou des travailleurs sociaux)<\/li>\n<li>R\u00e9gulation d&rsquo;\u00e9quipe<\/li>\n<\/ul>\n<p><b style=\"font-family: inherit; font-style: inherit;\">Orientation psychanalytique :<\/b><\/p>\n<ul>\n<li><a href=\"http:\/\/www.choisir-son-psy.com\/psychotherapies\/psychanalyse.php#freud\" target=\"_blank\" rel=\"noopener noreferrer\"><u>Freudienne<\/u><\/a><\/li>\n<li><a href=\"https:\/\/www.psychologies.com\/Therapies\/Psychanalyse\/Travail-psychanalytique\/Articles-et-Dossiers\/La-psychanalyse-lacanienne#:~:text=En%20fait%2C%20les%20objectifs%20de,l'inconscient%20s'exprime.\">Lacanienne<\/a><\/li>\n<li><u><a href=\"http:\/\/www.choisir-son-psy.com\/psychotherapies\/analyse-existentielle.php\" target=\"_blank\" rel=\"noopener noreferrer\">Analyse existentielle, ou da-sein analyse<\/a><\/u><\/li>\n<\/ul>\n<p><b style=\"font-family: inherit; font-style: inherit;\">Courant m\u00e9thodologique de psychoth\u00e9rapie :<\/b><\/p>\n<ul>\n<li><a href=\"http:\/\/www.choisir-son-psy.com\/psychotherapies\/psychanalyse.php\" target=\"_blank\" rel=\"noopener noreferrer\"><u>Psychanalyse<\/u><\/a><\/li>\n<li><a href=\"http:\/\/www.choisir-son-psy.com\/psychotherapies\/psychologie-motivation.php\" target=\"_blank\" rel=\"noopener noreferrer\"><u>Psychologie de la motivation<\/u><\/a><\/li>\n<li><a href=\"http:\/\/www.choisir-son-psy.com\/psychotherapies\/psychotherapie-centree.php\" target=\"_blank\" rel=\"noopener noreferrer\"><u>Psychoth\u00e9rapie centr\u00e9e sur la personne\u00a0<\/u><\/a><\/li>\n<li><a href=\"http:\/\/www.choisir-son-psy.com\/psychotherapies\/psychotherapie-cognitivo-comportementale.php\" target=\"_blank\" rel=\"noopener noreferrer\"><u>Psychoth\u00e9rapie cognitivo-comportementaliste<\/u><\/a><\/li>\n<li><u><a href=\"http:\/\/www.choisir-son-psy.com\/psychotherapies\/psychanalyse.php#analy\" target=\"_blank\" rel=\"noopener noreferrer\">Psychoth\u00e9rapie psychanalytique<\/a>\u00a0<\/u><\/li>\n<li><a href=\"https:\/\/www.psychologies.com\/Therapies\/Toutes-les-therapies\/Psychotherapies\/Articles-et-Dossiers\/La-Gestalt-therapie\">Gestalt th\u00e9rapie<\/a><\/li>\n<\/ul>\n<p><b style=\"font-family: inherit; font-style: inherit;\">Sp\u00e9cialis\u00e9 dans les probl\u00e9matiques\u00a0 :<\/b><\/p>\n<ul>\n<li>Probl\u00e9matiques de la s\u00e9paration et de l&rsquo;attachement<\/li>\n<li>Probl\u00e9matiques d&rsquo;addiction (alcool, substances toxiques, cigarette, m\u00e9dicaments, jeux, etc&#8230;)<\/li>\n<li>Probl\u00e9matiques de l&rsquo;humeur (bipolaire, d\u00e9pression)<\/li>\n<li>Probl\u00e9matiques anxieux (panique, phobies, agoraphobie, manque de confiance en soi, etc&#8230;)<\/li>\n<li>Probl\u00e9matiques somatoformes (hypocondrie, maladies psychosomatiques, dysmorphie)<\/li>\n<li>Probl\u00e9matiques de la conduite alimentaire (anorexie, boulimie)<\/li>\n<li>Probl\u00e9matiques du contr\u00f4le des impulsions (automutilations, kleptomanie, pyromanie, stress, TOC, burn-out, passage \u00e0 l&rsquo;acte)<\/li>\n<li>Probl\u00e9matiques relationnelles (parent-enfant, couple, fratrie, probl\u00e8mes familiaux, etc&#8230;)<\/li>\n<li>Probl\u00e9matiques de l&rsquo;adaptation et autres troubles (deuil, sensibilit\u00e9, probl\u00e8mes religieux, baby-blues, etc&#8230;)<\/li>\n<li>Troubles de la personnalit\u00e9 (parano\u00efaque, schizo\u00efde, schizotypique, antisociale, borderline, histrionique, narcissique, \u00e9vitante, d\u00e9pendante, obsessionnel compulsif)<\/li>\n<\/ul>\n<p><b style=\"font-family: inherit; font-style: inherit;\">Types de patients :<\/b><\/p>\n<ul>\n<li>Adolescents<\/li>\n<li>Adultes<\/li>\n<li>Seniors<\/li>\n<\/ul>\n<p><b style=\"font-family: inherit; font-style: inherit;\">Types de s\u00e9ances :<\/b><\/p>\n<ul>\n<li>Individuelles<\/li>\n<li>De groupe<\/li>\n<\/ul>\n<p><b style=\"font-family: inherit; font-style: inherit;\">Autre(s) langue(s) pratiqu\u00e9e(s) :<\/b><\/p>\n<ul>\n<li>Anglais<\/li>\n<li>Italien<\/li>\n<\/ul>\n<p><b style=\"font-family: inherit; font-style: inherit;\">Consultation(s) :<\/b><\/p>\n<ul>\n<li>A son cabinet : 8 Avenue Richerand 75010 Paris<\/li>\n<\/ul>\n<p><b style=\"font-family: inherit; font-style: inherit;\">R\u00e8glement de la consultation :<\/b><\/p>\n<ul>\n<li>Ch\u00e8que<\/li>\n<li>Esp\u00e8ces<\/li>\n<\/ul>\n<p><b style=\"font-family: inherit; font-style: inherit;\">Publications :<\/b><\/p>\n<p>&#8211; La clinique de la crise : de la mort de Dieu \u00e0 la consolation du savoir, Revue de psychanalyse clinique et m\u00e9dicale &#8211; RPH N. 28, Paris, 2011.<\/p>\n<p>&#8211; Lisibilit\u00e9 de la norme, visibilit\u00e9 de la violence \u00e0 partir et autour de Marx, Colloque Franco-Italien Paris 28 et 29 Avril, 2011.<\/p>\n<p>&#8211; La clinique de la crise : dette et perversion, Les br\u00e8ves de la lettre du RPH n\u00b0 253.<\/p>\n<p>&#8211; Sache-qui-peut, Les br\u00e8ves de la lettre du RPH n\u00b0 250.<\/p>\n<p>&#8211; Periferie Marxiste, Marx e Gramsci, filologia, filosofia e politica allo specchio, Napoli, 2009.<\/p>\n<p>&#8211; Fin du Marxisme? Fin de la modernit\u00e9? Quaderni Materialisti, n. \u00b0 7, 2008, Mimesis, Milano 2009.<\/p>\n<p>&#8211; La th\u00e9rapeutique de la crise &#8211; Th\u00e8se de doctorat, 9 mai 2009 description de la publication Universit\u00e9 de Paris I &#8211; Panth\u00e9on &#8211; La Sorbonne.<\/p>\n<p>&#8211; Penser la conjoncture. Machiavel et nous. Dopo Machiavelli\/Apr\u00e8s Machiavel, a cura di L. Bianchi e A. Postigliola, Ed. Liguori, Napoli, 2008.<\/p>\n<p>&#8211; Relire et re-\u00e9crire Le capital apr\u00e8s la crise du marxisme. Les ambitions th\u00e9oriques de la th\u00e9orie de la r\u00e9gulation, \u00ab Althusseriana Quaderni 2 \u2013 Rileggere il Capitale, la lezione di L. Althusser \u00bb atti del convegno, Novembre 2006, Mimesis, Milano, 2006.<\/p>\n<p>&#8211; L&rsquo;approche par la th\u00e9orie de la r\u00e9gulation. Une analyse des notions interm\u00e9diaires, Les cahiers de l&rsquo;ED de Nanterre, Philosophie, 2005-2006<\/p>\n<p>&#8211; Ernst Bloch: la science utopique comme fondement d&rsquo;une nouvelle cosmologie, In \u00ab Archivio di storia della cultura \u00bb, Anno XVII 2004, Ed. Liguori, Napoli.<\/p>\n<p><a href=\"https:\/\/www.google.com\/search?q=laisser+un+avis+salvatore+iodice+paris&#038;oq=laisser+un+avis+salvatore+iodice+paris&#038;aqs=chrome..69i57.14522j0j7&#038;sourceid=chrome&#038;ie=UTF-8#lrd=0x47e66de9985d9dbd:0xadc96c20fabe4159,3,,,\"><em>Votre avis est important\u00a0<\/em><\/a><\/p>\n","protected":false},"excerpt":{"rendered":"<p>Mon parcours\u00a0 Psychologue clinicien dipl\u00f4m\u00e9 de l&rsquo;universit\u00e9 de Paris VII &#8211; Denis Diderot &#8211; cursus \u00ab\u00a0Psychopathologies du lien social\u00a0\u00bb, j&rsquo;ai suivi une formation clinique en CMP et en centres d&rsquo;accueil et de consultation. J&rsquo;ai un double cursus, en philosophie politique et en psychopathologie.\u00a0 Au cours de ma formation doctorale, je me suis notamment occup\u00e9 des <a class=\"read-more\" href=\"https:\/\/iodice-psychologueparis.fr\/?page_id=132\">Read More<\/a><\/p>\n","protected":false},"author":1,"featured_media":112,"parent":0,"menu_order":5,"comment_status":"closed","ping_status":"closed","template":"template-full-width.php","meta":{"footnotes":""},"yst_prominent_words":[66,40,52,38,27,35,108,29,25,32,33,36,53,11,6,28,39,34,54,26],"class_list":["post-132","page","type-page","status-publish","has-post-thumbnail","hentry"],"_links":{"self":[{"href":"https:\/\/iodice-psychologueparis.fr\/index.php?rest_route=\/wp\/v2\/pages\/132","targetHints":{"allow":["GET"]}}],"collection":[{"href":"https:\/\/iodice-psychologueparis.fr\/index.php?rest_route=\/wp\/v2\/pages"}],"about":[{"href":"https:\/\/iodice-psychologueparis.fr\/index.php?rest_route=\/wp\/v2\/types\/page"}],"author":[{"embeddable":true,"href":"https:\/\/iodice-psychologueparis.fr\/index.php?rest_route=\/wp\/v2\/users\/1"}],"replies":[{"embeddable":true,"href":"https:\/\/iodice-psychologueparis.fr\/index.php?rest_route=%2Fwp%2Fv2%2Fcomments&post=132"}],"version-history":[{"count":23,"href":"https:\/\/iodice-psychologueparis.fr\/index.php?rest_route=\/wp\/v2\/pages\/132\/revisions"}],"predecessor-version":[{"id":623,"href":"https:\/\/iodice-psychologueparis.fr\/index.php?rest_route=\/wp\/v2\/pages\/132\/revisions\/623"}],"wp:featuredmedia":[{"embeddable":true,"href":"https:\/\/iodice-psychologueparis.fr\/index.php?rest_route=\/wp\/v2\/media\/112"}],"wp:attachment":[{"href":"https:\/\/iodice-psychologueparis.fr\/index.php?rest_route=%2Fwp%2Fv2%2Fmedia&parent=132"}],"wp:term":[{"taxonomy":"yst_prominent_words","embeddable":true,"href":"https:\/\/iodice-psychologueparis.fr\/index.php?rest_route=%2Fwp%2Fv2%2Fyst_prominent_words&post=132"}],"curies":[{"name":"wp","href":"https:\/\/api.w.org\/{rel}","templated":true}]}}

<h2><a href="https://monpsy.psychologies.com/profile">Mon parcours </a></h2>
<p>P<img loading="lazy" decoding="async" class="alignleft size-medium wp-image-599" src="https://iodice-psychologueparis.fr/wp-content/uploads/2020/06/Salvatore-Iodice-205x300.png" alt="" width="205" height="300" srcset="https://iodice-psychologueparis.fr/wp-content/uploads/2020/06/Salvatore-Iodice-205x300.png 205w, https://iodice-psychologueparis.fr/wp-content/uploads/2020/06/Salvatore-Iodice-699x1024.png 699w, https://iodice-psychologueparis.fr/wp-content/uploads/2020/06/Salvatore-Iodice-768x1125.png 768w, https://iodice-psychologueparis.fr/wp-content/uploads/2020/06/Salvatore-Iodice.png 1034w" sizes="auto, (max-width: 205px) 100vw, 205px" />sychologue clinicien diplômé de l&rsquo;université de Paris VII &#8211; Denis Diderot &#8211; cursus « Psychopathologies du lien social », j&rsquo;ai suivi une formation clinique en CMP et en centres d&rsquo;accueil et de consultation.<br />
J&rsquo;ai un double cursus, en philosophie politique et en psychopathologie.  Au cours de ma formation doctorale, je me suis notamment occupé des liens entre crise économique, psychologie sociale, politique institutionnelle et théorie de la monnaie. En tant que psychologue clinicien, je me suis intéressé aux questions sociales et identitaires.<br />
Ma pratique de psychologue et les accompagnements que je propose sont orientés par la psychanalyse, les sciences cognitives, la philosophie, la sociologie, les études de genre, <a href="https://www.haptonomie.org/fr/">l&rsquo;haptonomie</a> et la <a href="https://www.psychologies.com/Therapies/Toutes-les-therapies/Psychotherapies/Articles-et-Dossiers/La-Gestalt-therapie">Gestalt thérapie.</a><br />
Dans mon travail sur la souffrance psychologique je prends en considération tout autant ses composantes individuelles que sociales et culturelles.</p>
<div></div>
<div></div>
<div class="box"><b>Diplômes:</b></div>
<div></div>
<ul>
<li>Titre de psychologue clinicien enregistré à l&rsquo; ARS avec le N° ADELI 75 93 5947 4</li>
<li>Doctorat de philosophie</li>
</ul>
<p><b style="font-family: inherit; font-style: inherit;">Pratique la supervision :</b></p>
<ul>
<li>Analyse de la pratique sociale (ou des travailleurs sociaux)</li>
<li>Régulation d&rsquo;équipe</li>
</ul>
<p><b style="font-family: inherit; font-style: inherit;">Orientation psychanalytique :</b></p>
<ul>
<li><a href="http://www.choisir-son-psy.com/psychotherapies/psychanalyse.php#freud" target="_blank" rel="noopener noreferrer"><u>Freudienne</u></a></li>
<li><a href="https://www.psychologies.com/Therapies/Psychanalyse/Travail-psychanalytique/Articles-et-Dossiers/La-psychanalyse-lacanienne#:~:text=En%20fait%2C%20les%20objectifs%20de,l'inconscient%20s'exprime.">Lacanienne</a></li>
<li><u><a href="http://www.choisir-son-psy.com/psychotherapies/analyse-existentielle.php" target="_blank" rel="noopener noreferrer">Analyse existentielle, ou da-sein analyse</a></u></li>
</ul>
<p><b style="font-family: inherit; font-style: inherit;">Courant méthodologique de psychothérapie :</b></p>
<ul>
<li><a href="http://www.choisir-son-psy.com/psychotherapies/psychanalyse.php" target="_blank" rel="noopener noreferrer"><u>Psychanalyse</u></a></li>
<li><a href="http://www.choisir-son-psy.com/psychotherapies/psychologie-motivation.php" target="_blank" rel="noopener noreferrer"><u>Psychologie de la motivation</u></a></li>
<li><a href="http://www.choisir-son-psy.com/psychotherapies/psychotherapie-centree.php" target="_blank" rel="noopener noreferrer"><u>Psychothérapie centrée sur la personne </u></a></li>
<li><a href="http://www.choisir-son-psy.com/psychotherapies/psychotherapie-cognitivo-comportementale.php" target="_blank" rel="noopener noreferrer"><u>Psychothérapie cognitivo-comportementaliste</u></a></li>
<li><u><a href="http://www.choisir-son-psy.com/psychotherapies/psychanalyse.php#analy" target="_blank" rel="noopener noreferrer">Psychothérapie psychanalytique</a> </u></li>
<li><a href="https://www.psychologies.com/Therapies/Toutes-les-therapies/Psychotherapies/Articles-et-Dossiers/La-Gestalt-therapie">Gestalt thérapie</a></li>
</ul>
<p><b style="font-family: inherit; font-style: inherit;">Spécialisé dans les problématiques  :</b></p>
<ul>
<li>Problématiques de la séparation et de l&rsquo;attachement</li>
<li>Problématiques d&rsquo;addiction (alcool, substances toxiques, cigarette, médicaments, jeux, etc&#8230;)</li>
<li>Problématiques de l&rsquo;humeur (bipolaire, dépression)</li>
<li>Problématiques anxieux (panique, phobies, agoraphobie, manque de confiance en soi, etc&#8230;)</li>
<li>Problématiques somatoformes (hypocondrie, maladies psychosomatiques, dysmorphie)</li>
<li>Problématiques de la conduite alimentaire (anorexie, boulimie)</li>
<li>Problématiques du contrôle des impulsions (automutilations, kleptomanie, pyromanie, stress, TOC, burn-out, passage à l&rsquo;acte)</li>
<li>Problématiques relationnelles (parent-enfant, couple, fratrie, problèmes familiaux, etc&#8230;)</li>
<li>Problématiques de l&rsquo;adaptation et autres troubles (deuil, sensibilité, problèmes religieux, baby-blues, etc&#8230;)</li>
<li>Troubles de la personnalité (paranoïaque, schizoïde, schizotypique, antisociale, borderline, histrionique, narcissique, évitante, dépendante, obsessionnel compulsif)</li>
</ul>
<p><b style="font-family: inherit; font-style: inherit;">Types de patients :</b></p>
<ul>
<li>Adolescents</li>
<li>Adultes</li>
<li>Seniors</li>
</ul>
<p><b style="font-family: inherit; font-style: inherit;">Types de séances :</b></p>
<ul>
<li>Individuelles</li>
<li>De groupe</li>
</ul>
<p><b style="font-family: inherit; font-style: inherit;">Autre(s) langue(s) pratiquée(s) :</b></p>
<ul>
<li>Anglais</li>
<li>Italien</li>
</ul>
<p><b style="font-family: inherit; font-style: inherit;">Consultation(s) :</b></p>
<ul>
<li>A son cabinet : 8 Avenue Richerand 75010 Paris</li>
</ul>
<p><b style="font-family: inherit; font-style: inherit;">Règlement de la consultation :</b></p>
<ul>
<li>Chèque</li>
<li>Espèces</li>
</ul>
<p><b style="font-family: inherit; font-style: inherit;">Publications :</b></p>
<p>&#8211; La clinique de la crise : de la mort de Dieu à la consolation du savoir, Revue de psychanalyse clinique et médicale &#8211; RPH N. 28, Paris, 2011.</p>
<p>&#8211; Lisibilité de la norme, visibilité de la violence à partir et autour de Marx, Colloque Franco-Italien Paris 28 et 29 Avril, 2011.</p>
<p>&#8211; La clinique de la crise : dette et perversion, Les brèves de la lettre du RPH n° 253.</p>
<p>&#8211; Sache-qui-peut, Les brèves de la lettre du RPH n° 250.</p>
<p>&#8211; Periferie Marxiste, Marx e Gramsci, filologia, filosofia e politica allo specchio, Napoli, 2009.</p>
<p>&#8211; Fin du Marxisme? Fin de la modernité? Quaderni Materialisti, n. ° 7, 2008, Mimesis, Milano 2009.</p>
<p>&#8211; La thérapeutique de la crise &#8211; Thèse de doctorat, 9 mai 2009 description de la publication Université de Paris I &#8211; Panthéon &#8211; La Sorbonne.</p>
<p>&#8211; Penser la conjoncture. Machiavel et nous. Dopo Machiavelli/Après Machiavel, a cura di L. Bianchi e A. Postigliola, Ed. Liguori, Napoli, 2008.</p>
<p>&#8211; Relire et re-écrire Le capital après la crise du marxisme. Les ambitions théoriques de la théorie de la régulation, « Althusseriana Quaderni 2 – Rileggere il Capitale, la lezione di L. Althusser » atti del convegno, Novembre 2006, Mimesis, Milano, 2006.</p>
<p>&#8211; L&rsquo;approche par la théorie de la régulation. Une analyse des notions intermédiaires, Les cahiers de l&rsquo;ED de Nanterre, Philosophie, 2005-2006</p>
<p>&#8211; Ernst Bloch: la science utopique comme fondement d&rsquo;une nouvelle cosmologie, In « Archivio di storia della cultura », Anno XVII 2004, Ed. Liguori, Napoli.</p>
<p><a href="https://www.google.com/search?q=laisser+un+avis+salvatore+iodice+paris&#038;oq=laisser+un+avis+salvatore+iodice+paris&#038;aqs=chrome..69i57.14522j0j7&#038;sourceid=chrome&#038;ie=UTF-8#lrd=0x47e66de9985d9dbd:0xadc96c20fabe4159,3,,,"><em>Votre avis est important </em></a></p>

<p>Mon parcours  Psychologue clinicien diplômé de l&rsquo;université de Paris VII &#8211; Denis Diderot &#8211; cursus « Psychopathologies du lien social », j&rsquo;ai suivi une formation clinique en CMP et en centres d&rsquo;accueil et de consultation. J&rsquo;ai un double cursus, en philosophie politique et en psychopathologie.  Au cours de ma formation doctorale, je me suis notamment occupé des <a class="read-more" href="https://iodice-psychologueparis.fr/?page_id=132">Read More</a></p>
